{"id":671,"date":"2021-03-21T11:46:24","date_gmt":"2021-03-21T11:46:24","guid":{"rendered":"https:\/\/david-sleeve.fr\/?page_id=671"},"modified":"2021-10-26T07:42:42","modified_gmt":"2021-10-26T05:42:42","slug":"evolution-de-mon-poids","status":"publish","type":"page","link":"https:\/\/david-sleeve.fr\/?page_id=671","title":{"rendered":"Poids, mensurations&#8230;"},"content":{"rendered":"<div class=\"ninja-charts-customize_248587874_2\" >\n    <div id=\"ninja-charts-container\"\n         class=\"ninja-charts-chart-js-container\"\n         style='\n                height: 500px;\n                width: auto;\n                background-color: #ffffff;\n                border: 0px solid#000000 ;\n                border-radius: 0px;\n            '\n         data-id=\"2\"\n         data-uniqid=\"_248587874_2\"\n    >\n    <canvas\n        id= \"ninja_charts_instance_248587874_2\"\n    >\n    <\/canvas>\n    <\/div>\n<\/div>\n\n\n\n\n<h2>Repartitions des masses au 10 octobre 2021 (sleeve + 8 mois)<\/h2>\n\n\n\n<figure class=\"wp-block-image size-full\"><img loading=\"lazy\" width=\"820\" height=\"622\" src=\"https:\/\/david-sleeve.fr\/wp-content\/uploads\/2021\/10\/courbes-au-11-10-2021.png\" alt=\"\" class=\"wp-image-2119\" srcset=\"https:\/\/david-sleeve.fr\/wp-content\/uploads\/2021\/10\/courbes-au-11-10-2021.png 820w, https:\/\/david-sleeve.fr\/wp-content\/uploads\/2021\/10\/courbes-au-11-10-2021-300x228.png 300w, https:\/\/david-sleeve.fr\/wp-content\/uploads\/2021\/10\/courbes-au-11-10-2021-768x583.png 768w, https:\/\/david-sleeve.fr\/wp-content\/uploads\/2021\/10\/courbes-au-11-10-2021-120x90.png 120w\" sizes=\"(max-width: 820px) 100vw, 820px\" \/><\/figure>\n\n\n\n<h2>Mensurations au 10 octobre (sleeve + 8 mois)<\/h2>\n\n\n\n<figure class=\"wp-block-image size-full\"><img loading=\"lazy\" width=\"801\" height=\"156\" src=\"https:\/\/david-sleeve.fr\/wp-content\/uploads\/2021\/10\/mensurations-au-11-10-2021.png\" alt=\"\" class=\"wp-image-2121\" srcset=\"https:\/\/david-sleeve.fr\/wp-content\/uploads\/2021\/10\/mensurations-au-11-10-2021.png 801w, https:\/\/david-sleeve.fr\/wp-content\/uploads\/2021\/10\/mensurations-au-11-10-2021-300x58.png 300w, https:\/\/david-sleeve.fr\/wp-content\/uploads\/2021\/10\/mensurations-au-11-10-2021-768x150.png 768w\" sizes=\"(max-width: 801px) 100vw, 801px\" \/><\/figure>\n\n\n\n<h2>Cible au 11 octobre 2021 (sleeve + 8 mois)<\/h2>\n\n\n\n<figure class=\"wp-block-image size-full is-resized\"><img loading=\"lazy\" src=\"https:\/\/david-sleeve.fr\/wp-content\/uploads\/2021\/10\/cible-10-10-2021.png\" alt=\"\" class=\"wp-image-2122\" width=\"535\" height=\"599\" srcset=\"https:\/\/david-sleeve.fr\/wp-content\/uploads\/2021\/10\/cible-10-10-2021.png 438w, https:\/\/david-sleeve.fr\/wp-content\/uploads\/2021\/10\/cible-10-10-2021-268x300.png 268w\" sizes=\"(max-width: 535px) 100vw, 535px\" \/><\/figure>\n\n\n\n<h2>Cible au 1 juillet 2021 (sleeve + 5 mois)<\/h2>\n\n\n\n<figure class=\"wp-block-image size-full\"><img loading=\"lazy\" width=\"533\" height=\"591\" src=\"https:\/\/david-sleeve.fr\/wp-content\/uploads\/2021\/07\/cible-1-juillet-2021.png\" alt=\"\" class=\"wp-image-1786\" srcset=\"https:\/\/david-sleeve.fr\/wp-content\/uploads\/2021\/07\/cible-1-juillet-2021.png 533w, https:\/\/david-sleeve.fr\/wp-content\/uploads\/2021\/07\/cible-1-juillet-2021-271x300.png 271w\" sizes=\"(max-width: 533px) 100vw, 533px\" \/><\/figure>\n\n\n\n<p><\/p>\n\n\n\n<h2>Cible au 11 mai 2021 (sleeve + 3 mois)<\/h2>\n\n\n\n<figure class=\"wp-block-image size-large\"><img loading=\"lazy\" width=\"537\" height=\"508\" src=\"https:\/\/david-sleeve.fr\/wp-content\/uploads\/2021\/05\/cible.png\" alt=\"\" class=\"wp-image-1478\" srcset=\"https:\/\/david-sleeve.fr\/wp-content\/uploads\/2021\/05\/cible.png 537w, https:\/\/david-sleeve.fr\/wp-content\/uploads\/2021\/05\/cible-300x284.png 300w\" sizes=\"(max-width: 537px) 100vw, 537px\" \/><\/figure>\n\n\n\n<p><\/p>\n\n\n\n<h2><\/h2>\n\n\n\n<blockquote class=\"wp-block-quote\"><p>Merci \u00e0 ma di\u00e9t\u00e9ticienne, Isabelle Tron, de la clinique de la Renaison \u00e0 Roanne, pour la prise des mesures et son accompagnement pr\u00e9cieux.<\/p><\/blockquote>\n","protected":false},"excerpt":{"rendered":"<p>Repartitions des masses au 10 octobre 2021 (sleeve + 8 mois) Mensurations au 10 octobre (sleeve + 8 mois) Cible au 11 octobre 2021 (sleeve + 8 mois) Cible au 1 juillet 2021 (sleeve + 5 mois) Cible au 11 mai 2021 (sleeve + 3 mois) Merci \u00e0 ma di\u00e9t\u00e9ticienne, Isabelle Tron, de la clinique&hellip;<\/p>\n","protected":false},"author":1,"featured_media":0,"parent":0,"menu_order":0,"comment_status":"closed","ping_status":"closed","template":"","meta":{"wprm-recipe-roundup-name":"","wprm-recipe-roundup-description":""},"yoast_head":"<!-- This site is optimized with the Yoast SEO plugin v18.8 - https:\/\/yoast.com\/wordpress\/plugins\/seo\/ -->\n<title>Poids, mensurations... - David<\/title>\n<meta name=\"robots\" content=\"index, follow, max-snippet:-1, max-image-preview:large, max-video-preview:-1\" \/>\n<link rel=\"canonical\" href=\"https:\/\/david-sleeve.fr\/?page_id=671\" \/>\n<meta property=\"og:locale\" content=\"fr_FR\" \/>\n<meta property=\"og:type\" content=\"article\" \/>\n<meta property=\"og:title\" content=\"Poids, mensurations... - David\" \/>\n<meta property=\"og:description\" content=\"Repartitions des masses au 10 octobre 2021 (sleeve + 8 mois) Mensurations au 10 octobre (sleeve + 8 mois) Cible au 11 octobre 2021 (sleeve + 8 mois) Cible au 1 juillet 2021 (sleeve + 5 mois) Cible au 11 mai 2021 (sleeve + 3 mois) Merci \u00e0 ma di\u00e9t\u00e9ticienne, Isabelle Tron, de la clinique&hellip;\" \/>\n<meta property=\"og:url\" content=\"https:\/\/david-sleeve.fr\/?page_id=671\" \/>\n<meta property=\"og:site_name\" content=\"David\" \/>\n<meta property=\"article:modified_time\" content=\"2021-10-26T05:42:42+00:00\" \/>\n<meta property=\"og:image\" content=\"https:\/\/david-sleeve.fr\/wp-content\/uploads\/2021\/10\/courbes-au-11-10-2021.png\" \/>\n<meta name=\"twitter:card\" content=\"summary_large_image\" \/>\n<meta name=\"twitter:label1\" content=\"Dur\u00e9e de lecture estim\u00e9e\" \/>\n\t<meta name=\"twitter:data1\" content=\"2 minutes\" \/>\n<script type=\"application\/ld+json\" class=\"yoast-schema-graph\">{\"@context\":\"https:\/\/schema.org\",\"@graph\":[{\"@type\":[\"Person\",\"Organization\"],\"@id\":\"https:\/\/david-sleeve.fr\/#\/schema\/person\/eb1594f62253c7fc15ee8b0c83d7409e\",\"name\":\"David\",\"image\":{\"@type\":\"ImageObject\",\"inLanguage\":\"fr-FR\",\"@id\":\"https:\/\/david-sleeve.fr\/#\/schema\/person\/image\/\",\"url\":\"https:\/\/secure.gravatar.com\/avatar\/215467c43337ebed5bddbb8dd43e7bde?s=96&d=mm&r=g\",\"contentUrl\":\"https:\/\/secure.gravatar.com\/avatar\/215467c43337ebed5bddbb8dd43e7bde?s=96&d=mm&r=g\",\"caption\":\"David\"},\"logo\":{\"@id\":\"https:\/\/david-sleeve.fr\/#\/schema\/person\/image\/\"}},{\"@type\":\"WebSite\",\"@id\":\"https:\/\/david-sleeve.fr\/#website\",\"url\":\"https:\/\/david-sleeve.fr\/\",\"name\":\"David-sleeve\",\"description\":\"Le journal d&#039;une Sleeve\",\"publisher\":{\"@id\":\"https:\/\/david-sleeve.fr\/#\/schema\/person\/eb1594f62253c7fc15ee8b0c83d7409e\"},\"potentialAction\":[{\"@type\":\"SearchAction\",\"target\":{\"@type\":\"EntryPoint\",\"urlTemplate\":\"https:\/\/david-sleeve.fr\/?s={search_term_string}\"},\"query-input\":\"required name=search_term_string\"}],\"inLanguage\":\"fr-FR\"},{\"@type\":\"ImageObject\",\"inLanguage\":\"fr-FR\",\"@id\":\"https:\/\/david-sleeve.fr\/?page_id=671#primaryimage\",\"url\":\"https:\/\/david-sleeve.fr\/wp-content\/uploads\/2021\/10\/courbes-au-11-10-2021.png\",\"contentUrl\":\"https:\/\/david-sleeve.fr\/wp-content\/uploads\/2021\/10\/courbes-au-11-10-2021.png\",\"width\":820,\"height\":622},{\"@type\":\"WebPage\",\"@id\":\"https:\/\/david-sleeve.fr\/?page_id=671#webpage\",\"url\":\"https:\/\/david-sleeve.fr\/?page_id=671\",\"name\":\"Poids, mensurations... - David\",\"isPartOf\":{\"@id\":\"https:\/\/david-sleeve.fr\/#website\"},\"primaryImageOfPage\":{\"@id\":\"https:\/\/david-sleeve.fr\/?page_id=671#primaryimage\"},\"datePublished\":\"2021-03-21T11:46:24+00:00\",\"dateModified\":\"2021-10-26T05:42:42+00:00\",\"breadcrumb\":{\"@id\":\"https:\/\/david-sleeve.fr\/?page_id=671#breadcrumb\"},\"inLanguage\":\"fr-FR\",\"potentialAction\":[{\"@type\":\"ReadAction\",\"target\":[\"https:\/\/david-sleeve.fr\/?page_id=671\"]}]},{\"@type\":\"BreadcrumbList\",\"@id\":\"https:\/\/david-sleeve.fr\/?page_id=671#breadcrumb\",\"itemListElement\":[{\"@type\":\"ListItem\",\"position\":1,\"name\":\"Accueil\",\"item\":\"https:\/\/david-sleeve.fr\/?p=2\"},{\"@type\":\"ListItem\",\"position\":2,\"name\":\"Poids, mensurations&#8230;\"}]}]}<\/script>\n<!-- \/ Yoast SEO plugin. -->","yoast_head_json":{"title":"Poids, mensurations... - David","robots":{"index":"index","follow":"follow","max-snippet":"max-snippet:-1","max-image-preview":"max-image-preview:large","max-video-preview":"max-video-preview:-1"},"canonical":"https:\/\/david-sleeve.fr\/?page_id=671","og_locale":"fr_FR","og_type":"article","og_title":"Poids, mensurations... - David","og_description":"Repartitions des masses au 10 octobre 2021 (sleeve + 8 mois) Mensurations au 10 octobre (sleeve + 8 mois) Cible au 11 octobre 2021 (sleeve + 8 mois) Cible au 1 juillet 2021 (sleeve + 5 mois) Cible au 11 mai 2021 (sleeve + 3 mois) Merci \u00e0 ma di\u00e9t\u00e9ticienne, Isabelle Tron, de la clinique&hellip;","og_url":"https:\/\/david-sleeve.fr\/?page_id=671","og_site_name":"David","article_modified_time":"2021-10-26T05:42:42+00:00","og_image":[{"url":"https:\/\/david-sleeve.fr\/wp-content\/uploads\/2021\/10\/courbes-au-11-10-2021.png"}],"twitter_card":"summary_large_image","twitter_misc":{"Dur\u00e9e de lecture estim\u00e9e":"2 minutes"},"schema":{"@context":"https:\/\/schema.org","@graph":[{"@type":["Person","Organization"],"@id":"https:\/\/david-sleeve.fr\/#\/schema\/person\/eb1594f62253c7fc15ee8b0c83d7409e","name":"David","image":{"@type":"ImageObject","inLanguage":"fr-FR","@id":"https:\/\/david-sleeve.fr\/#\/schema\/person\/image\/","url":"https:\/\/secure.gravatar.com\/avatar\/215467c43337ebed5bddbb8dd43e7bde?s=96&d=mm&r=g","contentUrl":"https:\/\/secure.gravatar.com\/avatar\/215467c43337ebed5bddbb8dd43e7bde?s=96&d=mm&r=g","caption":"David"},"logo":{"@id":"https:\/\/david-sleeve.fr\/#\/schema\/person\/image\/"}},{"@type":"WebSite","@id":"https:\/\/david-sleeve.fr\/#website","url":"https:\/\/david-sleeve.fr\/","name":"David-sleeve","description":"Le journal d&#039;une Sleeve","publisher":{"@id":"https:\/\/david-sleeve.fr\/#\/schema\/person\/eb1594f62253c7fc15ee8b0c83d7409e"},"potentialAction":[{"@type":"SearchAction","target":{"@type":"EntryPoint","urlTemplate":"https:\/\/david-sleeve.fr\/?s={search_term_string}"},"query-input":"required name=search_term_string"}],"inLanguage":"fr-FR"},{"@type":"ImageObject","inLanguage":"fr-FR","@id":"https:\/\/david-sleeve.fr\/?page_id=671#primaryimage","url":"https:\/\/david-sleeve.fr\/wp-content\/uploads\/2021\/10\/courbes-au-11-10-2021.png","contentUrl":"https:\/\/david-sleeve.fr\/wp-content\/uploads\/2021\/10\/courbes-au-11-10-2021.png","width":820,"height":622},{"@type":"WebPage","@id":"https:\/\/david-sleeve.fr\/?page_id=671#webpage","url":"https:\/\/david-sleeve.fr\/?page_id=671","name":"Poids, mensurations... - David","isPartOf":{"@id":"https:\/\/david-sleeve.fr\/#website"},"primaryImageOfPage":{"@id":"https:\/\/david-sleeve.fr\/?page_id=671#primaryimage"},"datePublished":"2021-03-21T11:46:24+00:00","dateModified":"2021-10-26T05:42:42+00:00","breadcrumb":{"@id":"https:\/\/david-sleeve.fr\/?page_id=671#breadcrumb"},"inLanguage":"fr-FR","potentialAction":[{"@type":"ReadAction","target":["https:\/\/david-sleeve.fr\/?page_id=671"]}]},{"@type":"BreadcrumbList","@id":"https:\/\/david-sleeve.fr\/?page_id=671#breadcrumb","itemListElement":[{"@type":"ListItem","position":1,"name":"Accueil","item":"https:\/\/david-sleeve.fr\/?p=2"},{"@type":"ListItem","position":2,"name":"Poids, mensurations&#8230;"}]}]}},"_links":{"self":[{"href":"https:\/\/david-sleeve.fr\/index.php?rest_route=\/wp\/v2\/pages\/671"}],"collection":[{"href":"https:\/\/david-sleeve.fr\/index.php?rest_route=\/wp\/v2\/pages"}],"about":[{"href":"https:\/\/david-sleeve.fr\/index.php?rest_route=\/wp\/v2\/types\/page"}],"author":[{"embeddable":true,"href":"https:\/\/david-sleeve.fr\/index.php?rest_route=\/wp\/v2\/users\/1"}],"replies":[{"embeddable":true,"href":"https:\/\/david-sleeve.fr\/index.php?rest_route=%2Fwp%2Fv2%2Fcomments&post=671"}],"version-history":[{"count":15,"href":"https:\/\/david-sleeve.fr\/index.php?rest_route=\/wp\/v2\/pages\/671\/revisions"}],"predecessor-version":[{"id":2123,"href":"https:\/\/david-sleeve.fr\/index.php?rest_route=\/wp\/v2\/pages\/671\/revisions\/2123"}],"wp:attachment":[{"href":"https:\/\/david-sleeve.fr\/index.php?rest_route=%2Fwp%2Fv2%2Fmedia&parent=671"}],"curies":[{"name":"wp","href":"https:\/\/api.w.org\/{rel}","templated":true}]}}